242*x**2 - x + 2. What is the hundreds digit of d(1)?
2
What is the tens digit of (-54 + 2)*(1 - 2)?
5
Let y(o) = -o + 6. Let v be y(6). Let d(g) = -3 + g**3 + 4 - 6*g**2 + v*g**3 + 5*g. What is the units digit of d(5)?
1
Let f be ((-3)/(-6))/((-2)/(-20)). Let t = -2 + f. What is the units digit of t?
3
Suppose 3*p - 4*c - 594 = -0*c, 2*c = 6. What is the hundreds digit of p?
2
Let u(j) = j**3 - 2*j**2 + 2*j - 1. Let b be (-3)/(-5) - (-6)/15. Let r be u(b). Suppose -2*s + 6 = -r*s. What is the units digit of s?
3
Suppose 0 = -5*u + 2*u + 57. Suppose -3*a + 2*y - 3*y + 3 = 0, 2*a = 5*y + u. What is the units digit of 3 - -1 - (a + -1)?
3
Let j = -18 + 26. Suppose j*u - 222 = 2*u. What is the tens digit of u?
3
Let h(a) = -2*a. Let i(u) = u**2 + 5*u + 6. Let f be i(-4). Let x = f + -4. What is the units digit of h(x)?
4
Let i = -67 + 94. What is the tens digit of i?
2
Suppose 4*f = -2*f + 240. What is the tens digit of f?
4
Let t(o) = o**3 + o + 2 - 5*o - 7 + 3*o + 9*o**2. What is the units digit of t(-9)?
4
Let p(t) = -t - 1. Let x(k) = -2*k - 2. Let c(m) = 13*p(m) - 6*x(m). What is the units digit of c(-6)?
5
Suppose -5*o + 12 = -6*o. Let a = o + 23. What is the tens digit of a?
1
Let y = -3 - -13. What is the tens digit of y?
1
Suppose -4*m - 3*u = -600, -2*u + 3*u = m - 143. What is the tens digit of m?
4
Let d be 3/(-6) - 9/(-2). What is the units digit of ((-9)/d)/(21/(-224))?
4
Let z(f) = -24*f - 1. Let s be z(1). Let t be s/(-35) + (-4)/(-14). Suppose -3*y = -3*c + 12, -4*c + 5*y = -12 - t. What is the units digit of c?
7
Let c(n) = -n**3 - 8*n**2 - 7*n + 5. Let v be c(-7). Suppose 12 = -3*d + v*d. Suppose -4 = -l + d. What is the tens digit of l?
1
Suppose 0 = 2*n - 7 - 5. Suppose 4 = n*a - 5*a. Suppose -g + 1 = 0, v + 2*g - 12 = -a*v. What is the units digit of v?
2
Let k = 2 - -9. What is the tens digit of k?
1
Suppose -40*d + 167 = -39*d. What is the units digit of d?
7
Suppose -2*b - 4*z = -24, 0 = -5*b + 3*z + 2*z + 135. Suppose 4*n = 12, n = -l + 6*l - b. Let a(d) = -d**3 + 5*d**2 + 6. What is the units digit of a(l)?
6
Let c(h) = -h**3 - 3*h**2 - 5*h + 6. What is the units digit of c(-5)?
1
Let o = 46 + -14. What is the units digit of o?
2
Suppose -32 = -49*u + 47*u. What is the tens digit of u?
1
Let c = -33 - -40. Suppose -11 = -4*u - 3. What is the units digit of u/7 - (-33)/c?
5
Let k = -9 - -9. Suppose -54 + k = -3*r. What is the units digit of r?
8
Let i = -17 - -19. What is the units digit of 49/i - (-27)/18?
6
Suppose 8*m - 12*m = -20. Let s = 1 + m. What is the units digit of s?
6
Let v(t) = -2*t**3 - 9*t**2 - 11. Let j(h) = 5*h**3 + 19*h**2 + h + 23. Let m(k) = 3*j(k) + 7*v(k). What is the tens digit of m(6)?
1
Let i(z) = z**2 + 7*z + 5. Let u be i(-6). Let a = u - -9. What is the units digit of a?
8
Let m(i) = i**2 + i - 2. Let q be m(0). Let d = q + 5. What is the tens digit of -2 + d*5 + -1?
1
Let h(g) = 9*g - 7. Let a(u) = 4*u**2 + 1. Let n be a(-1). Let t be h(n). Suppose t + 16 = 3*p. What is the tens digit of p?
1
Let j = -10 + 15. Suppose -2*f = -5*h - 45 + 3, -147 = -j*f + 2*h. What is the units digit of f?
1
Suppose 0 = -3*h + 6, -2*f + 120 = -3*h + 2*h. What is the tens digit of f?
6
Let x(o) = 2*o + 5. Let t be x(3). What is the tens digit of t + 3*(-16)/(-12)?
1
Let k(d) = -21*d + 1. Let v be k(3). Let j be (-1)/(-4) + v/(-8). Suppose -2*x + 8 + j = 0. What is the units digit of x?
8
Let g(o) = -o**2 + 8*o - 6. Let w = 12 + -7. What is the units digit of g(w)?
9
Let i(g) be the third derivative of -g**6/120 - 7*g**5/60 + g**4/3 + 2*g**3/3 + 3*g**2. What is the units digit of i(-8)?
4
Let y = -45 + 69. What is the units digit of y?
4
Let z = -4 + 7. Suppose -4 = o + z*o. What is the units digit of (-5 - -9) + 2 + o?
5
Suppose 5*u - 3 = -2*s + 9, 0 = 2*s + 2*u - 24. What is the tens digit of s?
1
Suppose -2*i + 4 = -2*t - 6, -t = 1. Suppose 5*f - 44 = h - 9, 0 = -i*f - h + 37. What is the units digit of f?
8
Let a be (10/(-3))/(4/(-6)). Let h(v) = -v**3 + 0*v - 5*v + a - 5*v + 15*v**2 - 4*v**2. What is the units digit of h(10)?
5
Suppose 4*w + 13 + 3 = 0, 4*w + 24 = 2*l. Suppose l*a = a + 9. Suppose -r - 2*q = a*r, -7 = 3*r + 5*q. What is the units digit of r?
1
Suppose 7*v = i + 11*v - 115, -2*i + 210 = 4*v. What is the tens digit of i?
9
Let n = -17 - -46. What is the units digit of n?
9
Suppose -22 = -p - p. Let d(i) = -i**3 + 10*i**2 + 12*i - 10. Let y be d(p). Suppose 9 = 2*f - y. What is the units digit of f?
5
Let p(k) = -k**3 + 2*k**2 + k. Let y = 4 + -9. Let a = 3 + y. What is the units digit of p(a)?
4
Let r be (-68)/7 + 2/(-7). Let j = 20 - r. Suppose -4*o - 3 = x, -j = -4*x - 5*o - 9. What is the units digit of x?
9
Let k = -2 + 0. Let b = k - -4. Suppose 5*a = -b*x + 2, 2*a + 2*a - 3*x - 20 = 0. What is the units digit of a?
2
Let z(i) = 19*i + 13. What is the tens digit of z(9)?
8
Suppose 2*o = -4*u + 10, 4*o + 30 = -0*u + 2*u. Let n(y) = -y**2 - 7*y. What is the tens digit of n(o)?
1
Suppose 0 = 12*h + 6*h - 3276. What is the hundreds digit of h?
1
Let a = -18 + 58. Let r = a + -19. Suppose -2*k + 3*k = r. What is the tens digit of k?
2
Suppose -5*u = -4*u. Let c(l) = l**3 - l + 5. What is the units digit of c(u)?
5
Let c(m) = -m**3 - 5*m**2 - 7*m - 6. Let h be c(-4). Suppose h*l - 5 = l. What is the units digit of l?
1
Let u = 8 - 6. Let g(b) = -b**3 - b**2 + 3*b - 3. Let a be g(u). Let m = a - -14. What is the units digit of m?
5
Suppose 3*q = -0*q + 6. Suppose -q*l = -l. Suppose -5*d + 4*n = -l*n - 11, -3*d = -5*n - 4. What is the units digit of d?
3
Let c(z) be the third derivative of -7*z**6/120 + z**5/30 - z**4/24 + z**2. Let m be c(1). What is the tens digit of 3*(1 - 14/m)?
1
Let v = -123 - -204. What is the units digit of v?
1
Suppose -44*f + 640 = -40*f. What is the hundreds digit of f?
1
What is the units digit of 63/6*(-12)/(-18)?
7
Suppose 5*j + s = 36 + 790, j = -5*s + 146. What is the tens digit of j?
6
Let p be (-3 - -2)/(0 + -1). What is the tens digit of (13 - -3 - p) + -3?
1
Let a(v) = -4*v + 6. Let o(p) = -p**3 - 6*p**2 - 6. Let n be o(-6). What is the units digit of a(n)?
0
Let l be ((-4)/(-6))/(2/96). Suppose x + 3*c - l = 0, c = -x - c + 27. Suppose 2 = -5*i + x. What is the units digit of i?
3
What is the units digit of (80/(-25))/(2/(-25))?
0
Let j = 7 - 100. What is the units digit of j/(-15) + 2/(-10)?
6
Let g = -5 + 6. Let y = -1 + g. Suppose y = 5*a - 0*a - 30. What is the units digit of a?
6
Suppose -3*n + 35 = -5*b, 6*n - 7 = 3*n - 2*b. Suppose -o = n*g - 0*o - 94, 0 = -3*g - o + 56. What is the units digit of g?
9
Suppose 5*y = 4*y + 270. What is the tens digit of y?
7
Suppose 4*n = 2*w - 2, 0*n = 4*n - w - 1. Let h be -1*n + -4 + 7. Suppose -h*s - 3*s = -35. What is the units digit of s?
7
Let o be 646/(-9) - (-20)/(-90). What is the units digit of (o/(-15))/((-3)/(-15))?
4
Let h(g) = 48*g**3 + 2*g**2 - g. Let n be h(1). Let x = -33 + n. What is the units digit of x?
6
Suppose 0 = 2*i - 3*q - 3 + 2, -4*i = -4*q - 4. Suppose 6 = v + i*v. What is the units digit of (5/(-2))/(v/(-4))?
5
Let d(w) = -7*w - 1. Let a be d(2). Let r = 1 - a. What is the units digit of r?
6
Suppose -4*v = 5*r + 13 - 49, 4 = -3*r + 4*v. Let o(m) = m**2 - 3*m + 6. What is the units digit of o(r)?
0
Suppose 0 = -0*k + 5*k - 105. What is the tens digit of k?
2
Let m be -9*(1 - 3/9). Let d be (8/m)/(2/(-15)). Suppose -2*p + d = 2. What is the units digit of p?
4
What is the tens digit of -1*(-4)/(-8)*-26?
1
Let n(c) = -2*c + 3. Let f be n(-4). Suppose -2*x - 3*v = 7 - 19, -4*v = x - f. What is the units digit of 9 - x*3/9?
8
Let v(r) = -4*r + 11. Let k be v(9). What is the units digit of (-210)/k - (-6)/10?
9
Let o(j) = j**2 - j - 6. Let q be o(5). What is the units digit of 88/14 - 4/q?
6
Let m = -2 + 9. What is the units digit of m/((-14)/(-36)) + 2?
0
Let w be ((-7)/(-2))/((-3)/6). Let c(d) = -d**3 - 7*d**2 - d + 6. Let s be c(w). Suppose v + 19 = 3*z, -s - 20 = -5*z + v. What is the units digit of z?
7
Let k = 31 - -34. What is the tens digit of k?
6
Let l(p) = -8*p - 2. Let c(s) = -7*s - 1. Suppose 0 = 2*o - 17 + 5. Let h(n) = o*c(n) - 5*l(n). What is the units digit of h(-6)?
6
What is the tens digit of (-58)/(-2) - 0/6?
2
Let u be 3 + -2 + (0 - -76). Suppose -3*v + s = -s - u, -s 